. Suppose j*i - 60 = -i. List the prime factors of i.
2, 3
Suppose 4*o - o - 36 = 0. What are the prime factors of (2/6)/(2/o)?
2
Let s = -3 - -7. Suppose -3*z + 4*z + 571 = s*q, 2*z - 717 = -5*q. Suppose 0 = 5*r - q + 38. List the prime factors of r.
3, 7
Let x(m) = -2*m - 2. Let z be x(6). Let u be (-146)/(-6) + (-4)/(-6). Let t = z + u. What are the prime factors of t?
11
Suppose -5*g + 4*s + 19 = 0, 5*s = -g - 0*s - 2. Let r = g + -3. Suppose -d + 9 + 1 = r. What are the prime factors of d?
2, 5
Let v(i) be the second derivative of 7*i**3/3 - i**2/2 + i. Let y = -9 - -10. What are the prime factors of v(y)?
13
Let t(b) = 7*b - 8. List the prime factors of t(4).
2, 5
Let v be (-12)/(-9) - (-2)/3. Suppose -3*j - 5*w = 32, v*w - 27 + 2 = 3*j. Let i = j - -17. List the prime factors of i.
2
Suppose -4*x - 5*f - 39 = -6*x, -4*x + 3 = 5*f. Let l = 8 + -5. Suppose -l - x = -5*v. What are the prime factors of v?
2
Let d = -235 + 621. What are the prime factors of d?
2, 193
Suppose -i + 0*i = 4, -3*i - 82 = 2*m. What are the prime factors of (-511)/m + (-4)/(-10)?
3, 5
Let t be -1*-3*2/3. Suppose 3*p = t*p. Let l = 2 - p. What are the prime factors of l?
2
Let q(h) = -12*h - 4. List the prime factors of q(-4).
2, 11
Suppose -186 = 5*c - 56. Let w = c + 35. List the prime factors of w.
3
Let w = -8 + 13. Suppose 5*f - 3*b - 10 = 0, -w*f + 2*b = -0*f - 10. What are the prime factors of (0 + 33)*f/6?
11
Let a be (-12)/(-4)*(-8)/(-6). Suppose a = 2*j, 0 = -2*h + j - 13 - 17. Let b = h - -31. List the prime factors of b.
17
What are the prime factors of (-185)/(-35) - 2/7?
5
Suppose 0 = -5*n + 5*z + 1300, 5*z + 36 - 1031 = -4*n. List the prime factors of n.
3, 5, 17
Let t(s) = -s**3 + 7*s**2 - 6*s - 1. Let a be t(6). Let n(l) = -8*l**3 + l**2 + 2*l + 1. List the prime factors of n(a).
2
Let w be (18/(-7))/((-4)/28). Suppose 2*j + 2*k - 20 = 0, 0*k = j - k - w. List the prime factors of j.
2, 7
Let d(o) be the second derivative of o**3/6 - 3*o**2 - 2*o. Let l be d(8). Suppose 0 = 4*f + i + l*i - 79, 0 = 2*f - 2*i - 22. List the prime factors of f.
2
Let n(b) = 3*b**3 - 5*b**2 + 2*b + 3. What are the prime factors of n(3)?
3, 5
Let n(g) be the first derivative of 0*g**3 + 3 + 7*g + 0*g**2 + 1/4*g**4. List the prime factors of n(0).
7
What are the prime factors of (-1*4)/((-3)/30)?
2, 5
Suppose 105 = 7*m - 6*m. List the prime factors of m.
3, 5, 7
Suppose 5 = 5*v - 0*v. Let c = v + 3. List the prime factors of c.
2
Suppose i - 4*j - j - 291 = 0, 277 = i + 2*j. What are the prime factors of i?
281
List the prime factors of ((-26)/(-5))/((-2)/(-30)).
2, 3, 13
Let n = -12 - -20. Let t = n - 6. Suppose -t = -2*f - 4*o, f - 2*o = -6 + 27. List the prime factors of f.
11
Let j(m) = 5*m**3 - m**2 - m + 1. Let g be j(1). Let x(l) = l**2 - g*l**2 + 4*l + 2*l**2. What are the prime factors of x(3)?
3
Let n(k) = -1 - k**2 + 7*k + 0 - 1. Suppose 3*g = -5*a + 35, g - 4*a + 5*a - 9 = 0. List the prime factors of n(g).
2
What are the prime factors of 16/(-12)*1*-12?
2
Let x(u) = -72*u - 1. What are the prime factors of x(-1)?
71
Let v(q) = 2*q**2 + 3*q + 1. Let h be v(-2). Suppose -40 = -2*w - h*w. List the prime factors of w.
2
Let s(m) = 11. Let z(o) = -o. Let u(c) = -s(c) + 4*z(c). List the prime factors of u(-7).
17
Let o(c) = -c**2 + 10*c - 12. Let b be o(9). What are the prime factors of 300/(-8)*2/b?
5
Let u = -18 + 22. Suppose -b - u = -53. List the prime factors of b.
7
Let i = -113 + 326. What are the prime factors of i?
3, 71
Suppose -4*b - 5*f + 12 = 0, -f + 12 = b - 5*b. Let r(z) = 4*z**2 + 4*z + 2. Let t be r(b). Suppose -t = -n - n. List the prime factors of n.
5
Let d = 22 + -6. Suppose 2 = h - d. List the prime factors of h.
2, 3
Let o(b) be the third derivative of -b**5/60 - 7*b**4/24 - b**3 + b**2. Suppose -m - 15 = 2*m. List the prime factors of o(m).
2
Let z = 344 - 142. What are the prime factors of z?
2, 101
Let b(g) = -2*g - 2. Suppose -4*s - 3*v = 6 + 5, 5*s + 3*v + 16 = 0. What are the prime factors of b(s)?
2
Let x(r) = r - 2. Let n be x(2). Suppose -g + n*g + 11 = 0. What are the prime factors of g?
11
List the prime factors of 0 - -97 - (-3 + 6).
2, 47
Let l(h) = -2*h + 5. Let g(v) = 2*v - 6. Let u(b) = 6*g(b) + 5*l(b). List the prime factors of u(10).
3
Let o = 5 + 43. List the prime factors of o.
2, 3
What are the prime factors of 49*(48/(-40))/(6/(-20))?
2, 7
Suppose -58 = 5*i - y - 203, 2*i - 85 = -5*y. Suppose 0 = b + r - i, -r = -3*b + b + 51. Let p = b + -12. What are the prime factors of p?
3, 5
Let t(z) = 11*z - 2. Let m be t(4). Let f(s) = s**2 - 15*s + 6. Let n be f(12). Let a = m + n. What are the prime factors of a?
2, 3
Let g(t) be the first derivative of -6*t**2 + t + 6. List the prime factors of g(-1).
13
Suppose -5*t + 685 = -5*f, -5*t - 534 = -9*t - 3*f. What are the prime factors of t?
3, 5
Suppose 0 = -h - 2 - 6. What are the prime factors of 4 - 2 - (h + -4)?
2, 7
Suppose -3*f = 4*t - 38, f + 0*t = -5*t + 20. List the prime factors of f.
2, 5
Let z = 236 + -156. What are the prime factors of z?
2, 5
Let y = -152 - -420. List the prime factors of y.
2, 67
Let o(n) = n**2 - 7*n - 10. Let y be o(9). Let g = y - 4. Suppose 2*v - 4 = g. List the prime factors of v.
2
Suppose -5*g - 88 = -g. Let r = -56 + 40. Let i = r - g. What are the prime factors of i?
2, 3
List the prime factors of (36 + 0)/(-2 + 3).
2, 3
Let a(v) = 2*v**3 - 6*v**2 - 8*v + 11. What are the prime factors of a(5)?
71
Suppose -b + 4 = 2. Suppose g + b*m - 40 = 0, -5*g + 148 = -5*m + 2*m. What are the prime factors of g?
2
Suppose 5*o - 740 = -220. What are the prime factors of o?
2, 13
List the prime factors of (102/7)/((-1)/(-7)).
2, 3, 17
Let c(t) = t**2 - 2*t - 17. List the prime factors of c(12).
103
Let i(b) = 1. Let w(u) = -4*u + 11. Let f(l) = -5*i(l) + w(l). What are the prime factors of f(-3)?
2, 3
Let i be -2 + 2 + 0 - 1. Let y be (1 - i)*6/(-4). List the prime factors of y/((0 - -1) + -2).
3
Let c(m) = -m - 3. Let t be c(-8). Suppose -2*k - 5*u + 40 = -0*u, 80 = 4*k + 3*u. Suppose t*w - w - k = 0. List the prime factors of w.
5
Let o be ((-24)/14)/(3/21). Let r = -8 - o. What are the prime factors of r?
2
Let b be (3 - 5) + (-5)/(-1). Suppose -2*h = b*h - 105. List the prime factors of h.
3, 7
Suppose 0 = -h + 4*q - 17 - 3, 42 = -3*h + 3*q. Let x = 20 + h. Suppose -o + 0*o + x = 0. List the prime factors of o.
2
Let s = -2 + -1. Let g = 5 - -9. Let d = s + g. List the prime factors of d.
11
Let h(u) = u**3 + 6*u**2 - 6*u - 1. Let y be h(-7). Let d be (y/5)/(8/(-20)). List the prime factors of d/(-1)*(-3)/2.
2, 3
List the prime factors of 3/2 + 567/18.
3, 11
What are the prime factors of (-291)/((3/6)/((-2)/4))?
3, 97
Suppose 0*k - k = -16. Let d = k + -12. List the prime factors of d.
2
Suppose u - n - 4 = 0, -2*u + n + 10 = -3*n. What are the prime factors of 14/3*u - -3?
17
Suppose -4*c - 5*x = -205, -c + 5*x = 2*c - 180. List the prime factors of c.
5, 11
Let s be (-284)/(-10) + (-6)/(-10). Let f = -19 + s. List the prime factors of f.
2, 5
Let d = -25 + 13. What are the prime factors of -10*(-3)/d*-2?
5
Let b(k) = -k**3 - 7*k**2 + 9*k + 8. Let w be b(-8). Let o = w + 2. Suppose -o*x + 5*x = -4*i + 36, 52 = 5*i + 2*x. What are the prime factors of i?
2, 3
Suppose 0*a + a = -l + 4, -5*l = -4*a - 20. Suppose -2*g - g = 4*z - 13, 0 = 2*z - l*g - 34. List the prime factors of z.
7
Suppose 0 = -3*g - 0*g + 69. Let z = -11 + g. What are the prime factors of z?
2, 3
List the prime factors of (2/(-6))/(2/(-498)).
83
Let j(m) = -7*m + 1. List the prime factors of j(-2).
3, 5
Suppose -4*y - 3 + 35 = 0. Suppose -z = z - y. List the prime factors of 69/9 - z/6.
7
Let b(z) = -z**2 - 6*z + 7. Let n be b(-7). Suppose -p + q + 9 = n, 2*p = -0*p - 5*q + 18. What are the prime factors of p?
3
Suppose 0 = -0*s - 4*s. Let j = s - -5. Let a = 14 - j. List the prime factors of a.
3
Let c be 0*(0/2 + 1). Suppose 4*i = -0*q - 5*q + 40, c = -2*q + i + 16. What are the prime factors of q?
2
Suppose -2*y = -4*y + 8. Suppose -3*f = y - 43. What are the prime factors of f?
13
Let b be (4/3)/(10/15). Suppose 0 = 4*j - 4*v + b*v - 50, 5*v = 5*j - 60. List the prime factors of j.
13
Let b = -21 + 46. List the prime factors of b.
5
Suppose -56 = -4*b + 96. What are the pri